er when 7 is divided by g.
1
Let p be ((-6)/(-9))/((-2)/(-15)). Suppose 3*s + 6*h - 51 = 4*h, 42 = 3*s + p*h. Calculate the remainder when s is divided by 7.
5
Let g = -8 - -19. Let k = 19 - -2. Calculate the remainder when k is divided by g.
10
Calculate the remainder when ((-6)/(-10))/((-18)/(-1530)) is divided by 18.
15
Let t = 0 + 23. What is the remainder when (9/4)/(3/60) is divided by t?
22
Let x be 0*(-2)/4 + 1. What is the remainder when (x/(-2))/(2/(-228)) is divided by 15?
12
Let l = -11 + 16. Calculate the remainder when 7 is divided by l.
2
Suppose 102 = 17*s - 14*s. What is the remainder when s is divided by 7?
6
Let m(c) = -c**3 - 4*c**2 - c + 5. Let g be m(-4). Suppose 0 = -4*z - 2*s - 2, 3*z + g = -4*s - 5. Calculate the remainder when 2 is divided by z.
0
Calculate the remainder when (-18)/(-6 + 3) - -3 is divided by 4.
1
Suppose 0 = -2*m - 4*o + 364, -4*o - 2 = -2*o. What is the remainder when m is divided by 37?
36
What is the remainder when (-3393)/(-36) + (-9)/(-12) is divided by 33?
29
Let q be (0 + (-1)/2)*-4. Suppose 0 = q*u + u. Calculate the remainder when 1/(u - (-2)/52) is divided by 9.
8
Let p = 7 - -3. Let o = -42 - -80. What is the remainder when o is divided by p?
8
Suppose -3*r - 3 = -9. Suppose -r*g + 6 = 2*l, -3*g - 5*l + 10 = 3. What is the remainder when (0 - 2 - 9)*-1 is divided by g?
3
Suppose -6*q = -q - 230. Calculate the remainder when 134 is divided by q.
42
Suppose 104 = u + 2*u - j, -5*u + 190 = -5*j. Calculate the remainder when u is divided by 17.
16
Suppose 0*t - 4*i = 2*t - 62, -4*t + 111 = -5*i. What is the remainder when 114 is divided by t?
27
Let x(d) = -33*d + 1. What is the remainder when x(-2) is divided by 23?
21
Suppose 2*c = 4*c - 250. Suppose 5*h + 2*w = 322, 0*h - 3*w = -2*h + c. Suppose 0*l + 4*l = h. What is the remainder when 46 is divided by l?
14
Let b(y) = -y + 6. Let z be b(4). Suppose 138 = -z*c + 5*c. What is the remainder when c is divided by 12?
10
Let n be 8/3 - 10/15. Let b = 247 + -142. Suppose b = n*g + g. Calculate the remainder when g is divided by 12.
11
Let s = 46 + -22. What is the remainder when 94 is divided by s?
22
Suppose -2*c = -4*v - 8, -3*v + 60 = -3*c + 7*c. What is the remainder when c is divided by 5?
2
Calculate the remainder when 133 is divided by (51 + 0)*(-4)/(-6).
31
Let m be (141/(-6) + -2)*-4. Suppose -5*c + 3*s - 120 = 0, -s = 5*c - 2 + m. What is the remainder when 16 is divided by 80/14 + (-6)/c?
4
Let c = 18 + 12. What is the remainder when 16 is divided by (-28)/(-35)*c/4?
4
Let n = 9 + -18. What is the remainder when ((-48)/n)/(2/6) is divided by 6?
4
Suppose 60 = -2*y - 20. Let o = y + 98. Let d(c) = -c**3 + 6*c**2 - 4*c + 4. What is the remainder when o is divided by d(4)?
18
Let v(j) = 9*j - 8. What is the remainder when v(9) is divided by 38?
35
Suppose -5*l + 54 = 6*a - 2*a, 46 = 5*l - 4*a. Suppose -3*q + l = -17. Calculate the remainder when (0 + 4)*(-323)/(-38) is divided by q.
7
Suppose -2*r - 2*q - 4 = 0, r + 14 = -2*q + 7*q. Let z(h) = -h**3 - 4*h**2 - 3*h. What is the remainder when 58 is divided by z(r)?
10
Suppose 4*b = 5*m + 91, -5*b - m + 5*m = -116. What is the remainder when b is divided by 13?
11
Let i = -1 + 18. Calculate the remainder when i is divided by 7.
3
What is the remainder when (18 - 15)/((-6)/(-218)) is divided by 37?
35
Let x(g) = -g**2 + 10*g - 8. Let c be x(6). Let i = c - 13. Calculate the remainder when 7 is divided by i.
1
Let u be -2 - ((-240)/4)/2. Let f(k) = 2*k. Calculate the remainder when (-1)/(52/u - 2) is divided by f(2).
3
Let z(v) = 2*v**2 - 17*v - 7. What is the remainder when 86 is divided by z(10)?
17
Let n be ((-2)/(-2))/((-2)/(-8)). Suppose -n*p = -5*p + 9. Calculate the remainder when p is divided by 6.
3
Let a be 36/21*7*-2. Let s = a + 39. Suppose -2*o + 5 = -s. What is the remainder when 19 is divided by o?
9
Suppose -2*i + 92 = -44. What is the remainder when i is divided by 23?
22
Let g = 22 - 15. Calculate the remainder when 32 is divided by g.
4
Suppose -3*z - 3*u = -7 - 14, -5*z - u = -55. What is the remainder when 35 is divided by z?
11
Let y = -27 - -40. What is the remainder when 44/2 - (-2 - -4) is divided by -1*6/3 + y?
9
Suppose 8*n - 79 - 41 = 0. What is the remainder when 41 is divided by n?
11
Suppose -2*h + 56 = -0*h. Calculate the remainder when h is divided by 6.
4
Let f = 48 + -33. What is the remainder when f is divided by (12/(3 + 0))/1?
3
Let a = -10 - -14. Calculate the remainder when 7 is divided by a.
3
Suppose -o + q + 10 = 0, 5*o = -0*q + q + 46. Calculate the remainder when 14 is divided by o.
5
Let c(o) = o**3 - 10*o**2 - 12*o + 11. Let n be c(11). Suppose n = q - 5*q + 36. What is the remainder when q is divided by 5?
4
Suppose -2*l + 4*k + 4 = -0, 3*l - 6 = k. Suppose 4*h = 5*c - 53, -l*c + 2*h = -16 - 6. Suppose 3*p - 48 = -c. What is the remainder when 37 is divided by p?
11
Let o be (0 + -1)*(4 - 4). Calculate the remainder when 14 is divided by 3 - (2 + -4) - o.
4
Let x = 43 - 24. Calculate the remainder when x is divided by (15/45)/((-1)/(-15)).
4
Let k = -36 + 78. Suppose 26 = 6*x - 40. Calculate the remainder when k is divided by x.
9
Calculate the remainder when (((-20)/(-6))/(-10))/((-1)/159) is divided by 16.
5
Suppose 0*o + 4*o = 72. What is the remainder when o is divided by 7?
4
Suppose -3*o - 3 = -0*o - k, k - 2 = 2*o. Suppose 2*t + 2*t = 28. What is the remainder when t*(0 + 1 - o) is divided by 8?
6
Let s(x) = -17*x**3 - 4*x**2 - 5*x - 1. Calculate the remainder when s(-2) is divided by 33.
30
Let w(b) = 4*b**2 + 27*b - 5. Let k(p) = -p**2 - 9*p + 2. Let n(c) = -7*k(c) - 2*w(c). Calculate the remainder when n(6) is divided by 8.
6
Let v = 118 + -56. Let j = 34 - 13. Calculate the remainder when v is divided by j.
20
Let b = 35 - -18. What is the remainder when b is divided by 19?
15
Let v be 1/((2/2)/3). Calculate the remainder when v - (-22 - 4) - 4 is divided by 9.
7
Suppose -85 = -2*y + 5*u + 78, 2*u - 156 = -2*y. What is the remainder when y is divided by 21?
16
Let s(t) = t**3 + 5*t - 9. What is the remainder when 61 is divided by s(2)?
7
Let m(n) = -n**3 + 4*n**2 - n - 3. Let p be m(4). Let o(h) = -3*h + 8. What is the remainder when o(p) is divided by (3/(-1))/((-2)/10)?
14
What is the remainder when 65 is divided by -1 - 3/1 - -15?
10
Let t(b) = -65*b**3 + b. Let o(u) = u**3 + 3*u**2 - 4*u - 1. Let l be o(-4). What is the remainder when t(l) is divided by 22?
20
Let y(q) = -q. Let n = -10 + 6. What is the remainder when (1/(-2))/((-1)/12) is divided by y(n)?
2
Let k(g) be the first derivative of -g**3/3 + 2*g**2 - 3*g + 3. Calculate the remainder when k(2) is divided by 1.
0
Suppose 0 = 4*f + n - 7, -2*f - 3 = 3*n - 4. Suppose 2*l - f = 2. Let w(h) = 4*h**2 - 2*h. Calculate the remainder when 34 is divided by w(l).
10
Suppose 0 = -3*c - 0*c. Suppose -48 = -4*d - c*d. Calculate the remainder when 35 is divided by d.
11
Calculate the remainder when 12 is divided by (-1 + 0)/(-1) - (-48)/8.
5
Suppose j - 3*h = -4*j + 41, 2*h = -4. Let o = j - -34. What is the remainder when o is divided by 14?
13
Let c be -1 + -1 + 18 + 4. Let r = c + 4. What is the remainder when r is divided by 13?
11
Suppose -10 = 2*n - 7*n. What is the remainder when 5 is divided by n?
1
Suppose -5*d + 4*d = -9. Let t = -73 + 108. Calculate the remainder when t is divided by d.
8
Let m be -6 + 5 - (1 + 1). Let a(w) = -2*w + 3. Calculate the remainder when 3328/130 + (-4)/(-10) is divided by a(m).
8
Suppose -3*o = -22 - 17. Let x(u) = u**2 - 6*u + 4. What is the remainder when o is divided by x(6)?
1
Let g = 190 - 164. Calculate the remainder when 51 is divided by g.
25
Suppose 3*t + t = 12. Suppose t*c - 45 = 27. What is the remainder when c is divided by 13?
11
Let f(x) = x**3 - 7*x**2 + x - 3. What is the remainder when 6 is divided by f(7)?
2
Let q = -29 + 41. What is the remainder when 23 is divided by q?
11
Suppose -4*s + s + 204 = -3*r, -16 = 4*r. Calculate the remainder when s is divided by 25.
14
Let b = -1 + 4. Suppose -d = -5*y + 12, -2*d + 3*y + 50 = b*d. What is the remainder when 2*38/(-4)*-2 is divided by d?
12
What is the remainder when 30 is divided by 4 + (-4)/3*-3?
6
Let u(p) = 2*p**2 + 4*p + 4. What is the remainder when u(-6) is divided by